= 32*z - 10. Calculate p(4).
118
Let a(k) = 3*k**2 + k + 2. What is a(3)?
32
Let u(m) = 2*m**3 + 4*m**2 - m - 9. Calculate u(-4).
-69
Let b(q) = q**3 - 9*q**2 - 2*q + 13. Calculate b(9).
-5
Let d(y) = y**2 + 12*y. Give d(-12).
0
Let r(s) = s**2 + 4*s + 1. Calculate r(-3).
-2
Let k(u) = -21*u - 84. Calculate k(-4).
0
Let m(l) = l + 13. What is m(9)?
22
Let g(t) = t**3 + 6*t**2 + t - 3. Calculate g(-4).
25
Let q(i) = -i**2 + 6*i + 8. Give q(6).
8
Let w(g) = -6*g + 2. Give w(2).
-10
Let g(j) = 3*j**2 + 46*j + 88. Give g(-13).
-3
Let q(f) = f**3 - 10*f**2 - f + 11. Determine q(10).
1
Let k(g) = -4*g - 8. Give k(-3).
4
Let c(q) = -q**2 - 9*q + 23. What is c(-10)?
13
Let s(d) = d**2 + 16*d + 35. Calculate s(-13).
-4
Let r(n) = n**3 + 21*n**2 + 10*n - 204. Determine r(-20).
-4
Let j(l) = -l**3 + 4*l**2 + 6*l - 5. Calculate j(4).
19
Let a(h) = -h**3 - 5*h**2 + 3*h - 13. Give a(-6).
5
Let w(l) = l - 61. Determine w(14).
-47
Let l(w) = 16*w + 80. Calculate l(-5).
0
Let h(z) = -7*z - 3. Determine h(-5).
32
Let d(l) = l**2 + 2. Give d(0).
2
Let k(f) = -f**2 + f + 26. What is k(0)?
26
Let l(f) = 5*f + 14. What is l(-8)?
-26
Let m(s) = s**3 - 6*s**2 + 2*s + 6. What is m(7)?
69
Let o(g) = -2*g**3 - g**2 - g - 1. Give o(-1).
1
Let p(t) = -19*t**2 - 3*t + 2. Calculate p(1).
-20
Let h(c) = c**2 - 27*c + 134. What is h(6)?
8
Let w(u) = 5*u - 19. What is w(5)?
6
Let v(m) = -m**3 + 2*m**2 - 10. Give v(0).
-10
Let g(z) = 5*z + 5. What is g(12)?
65
Let s(p) = -2*p**3 + 73*p**2 + 39*p - 101. Determine s(37).
-27
Let m(b) = -5*b - 6. Give m(-5).
19
Let b(i) = i**2 + 19*i - 187. What is b(-26)?
-5
Let c(t) = 2*t + 4. Determine c(-3).
-2
Let c(w) = w**3 - w - 4. What is c(0)?
-4
Let t(l) = -3*l**2 + 17*l - 3. Give t(5).
7
Let g(p) = p**3 - 16*p**2 - 15*p - 15. Give g(17).
19
Let z(n) = 4*n**2 - 12*n - 8. Determine z(5).
32
Let u(o) = o - 2. Give u(-3).
-5
Let r(c) = -4*c - 157. Calculate r(-42).
11
Let l(u) = 5*u**3 + u**2 - u + 1. Calculate l(1).
6
Let m(t) = -2*t**2 - 24*t + 23. Give m(-13).
-3
Let j(u) = -61*u - 75. What is j(-1)?
-14
Let z(q) = 14*q + 267. Give z(-18).
15
Let n(o) = -o**3 - 7*o**2 + 10*o + 20. Calculate n(-6).
-76
Let v(s) = -4*s - 62. Calculate v(-25).
38
Let l(f) = 2*f + 6. Determine l(5).
16
Let b(o) = 5*o**2 + 9*o + 6. Give b(-3).
24
Let j(r) = 2*r**2 + 20*r + 31. Calculate j(-10).
31
Let a(r) = -8*r - 9. What is a(-3)?
15
Let w(c) = -c**2 - 21*c + 35. What is w(-22)?
13
Let p(s) = -s**3 - 8*s**2 + 15*s + 14. Calculate p(-9).
-40
Let k(u) = -21*u - 162. Determine k(-8).
6
Let y(t) = -t**3 - 35*t**2 + 35*t - 30. Give y(-36).
6
Let h(l) = 8*l**3 + 4*l**2 + 4*l + 2. Give h(-2).
-54
Let y(f) = -f**3 - 13*f**2 + 34*f + 44. Give y(-15).
-16
Let r(l) = l**3 + 10*l**2 - 25*l + 1. Give r(-12).
13
Let n(j) = j**2 + 4*j - 26. Calculate n(-8).
6
Let q(r) = -r + 20. What is q(14)?
6
Let p(z) = -4*z**3 - 231*z**2 + 55*z - 175. What is p(-58)?
-1
Let y(t) = 2*t**2 + 20*t + 5. Calculate y(-10).
5
Let d(h) = -35*h**2 + h + 3. Calculate d(-1).
-33
Let x(s) = s**3 - 17*s**2 + 18*s + 8. Determine x(16).
40
Let s(b) = -4*b**3 - 4*b - 4. Determine s(-1).
4
Let f(m) = -2*m - 6. Determine f(4).
-14
Let f(a) = -2*a**3 + 18*a + 38. Determine f(-4).
94
Let a(p) = -272*p - 1638. Give a(-6).
-6
Let n(b) = 30*b - 39. Calculate n(5).
111
Let l(f) = -54*f + 319. Determine l(6).
-5
Let n(w) = w**2 + w + 41. What is n(0)?
41
Let c(x) = -x**3 - 9*x**2 + 2*x + 7. What is c(-9)?
-11
Let x(m) = m**3 + 13*m**2 + 18*m + 102. What is x(-12)?
30
Let u(t) = -4*t - 30. What is u(-8)?
2
Let l(m) = -m**3 - 5*m**2 + 39*m + 172. Determine l(-5).
-23
Let i(q) = q**3 - 5*q**2 - 10*q + 7. Give i(6).
-17
Let j(k) = -k**3 + 6*k**2 + 3*k - 11. Give j(6).
7
Let l(s) = s**3 + 3*s**2 - 6*s. Give l(-5).
-20
Let o(x) = 10*x + 27. Calculate o(-2).
7
Let f(g) = 8*g + 80. What is f(-22)?
-96
Let a(m) = m**3 - 18*m**2 - 117*m + 43. Determine a(23).
-3
Let r(k) = 5*k + 268. Determine r(-58).
-22
Let c(y) = -48*y**3 + y**2 + 2*y - 4. Give c(1).
-49
Let i(k) = -k**3 + 33*k**2 + 2*k - 108. What is i(33)?
-42
Let b(l) = l**3 - 2*l**2 - 18*l - 6. Determine b(6).
30
Let d(f) = -3*f + 19. Give d(14).
-23
Let j(n) = 36*n + 6. What is j(2)?
78
Let b(v) = -3*v + 17. What is b(4)?
5
Let p(h) = h**3 + h**2 + h + 26. Calculate p(0).
26
Let i(p) = -p**3 - 5*p**2 + 6*p - 17. What is i(-7)?
39
Let z(j) = 34*j + 36. Calculate z(-1).
2
Let c(m) = 2*m**2 + 9*m - 8. Give c(-5).
-3
Let o(x) = 3*x**2 + x + 2. Calculate o(-6).
104
Let q(t) = 4*t**2 - 3*t - 6. Calculate q(-3).
39
Let n(l) = l**3 - 2*l**2 + 2*l - 4. Calculate n(2).
0
Let i(b) = -8*b**2 - 3*b - 2. Calculate i(-3).
-65
Let k(b) = b**3 + b**2 - b + 14. Determine k(0).
14
Let i(h) = h**3 + 6*h**2 + 7*h + 6. What is i(-5)?
-4
Let d(m) = -m**3 + 6*m**2 - 9*m - 5. Give d(7).
-117
Let x(a) = 3*a**2 + 37*a + 9. What is x(-12)?
-3
Let f(m) = 12*m - 235. What is f(19)?
-7
Let b(k) = k**2 + 5*k + 4. Calculate b(-5).
4
Let y(p) = -p**2 + 10*p - 14. What is y(9)?
-5
Let v(a) = 14*a - 397. What is v(28)?
-5
Let d(x) = -x**3 + 4*x**2 + 15*x - 2. What is d(6)?
16
Let d(v) = -v**2 - 3*v + 7. What is d(-3)?
7
Let c(x) = -x**3 + 4*x**2 + 23*x + 1. Calculate c(7).
15
Let h(x) = 7*x**2 - 2*x + 3. What is h(2)?
27
Let y(w) = w**2 - 6*w - 84. What is y(0)?
-84
Let h(r) = -r**3 + 10*r**2 + 25*r - 11. Give h(12).
1
Let t(f) = 3*f**3 + 7*f**2 + 2*f + 4. Determine t(-3).
-20
Let g(u) = 5*u - 2. Calculate g(1).
3
Let s(o) = o**3 - 48*o**2 - 2*o + 89. Calculate s(48).
-7
Let s(q) = 2*q**3 - 8*q**2 - 5*q - 37. What is s(5)?
-12
Let v(u) = 3*u**2 + 2*u + 3. Give v(3).
36
Let y(l) = 12*l - 63. Calculate y(3).
-27
Let p(g) = -8*g - 581. Give p(-74).
11
Let d(i) = -i + 22. Give d(16).
6
Let h(z) = -z**2 + 92. Determine h(9).
11
Let h(f) = 105*f - 3. What is h(1)?
102
Let o(a) = -21*a**3 - a**2 + 2*a + 2. Calculate o(-1).
20
Let p(o) = o**3 + 25*o**2 - 56*o - 42. Determine p(-27).
12
Let c(l) = -l**3 - 39*l**2 - 44*l - 228. What is c(-38)?
0
Let z(l) = -3*l + 96. What is z(24)?
24
Let f(y) = -3*y + 19. What is f(10)?
-11
Let z(j) = -j**2 + 11*j - 12. What is z(10)?
-2
Let c(g) = -g**2 - 27*g + 15. Determine c(-29).
-43
Let n(v) = -6*v + 131. Calculate n(21).
5
Let q(p) = -2*p - 35. What is q(-22)?
9
Let z(t) = 6*t**2 - 41*t + 8. What is z(7)?
15
Let y(k) = 6*k + 40. What is y(-7)?
-2
Let r(p) = p**3 + 8*p**2 + p - 5. What is r(0)?
-5
Let v(l) = -2*l**2 + 13*l - 10. Determine v(6).
-4
Let v(d) = -d**2 + 14*d - 4. Determine v(10).
36
Let a(m) = m**3 - 12*m**2 + 21*m + 9. Give a(10).
19
Let y(b) = b**3 + 24*b**2 + 24*b - 13. Give y(-23).
-36
Let h(d) = 17*d**2 + 3*d + 1. Give h(-1).
15
Let o(c) = 4*c**2 - 13*c + 15. Calculate o(6).
81
Let j(r) = r**2 - 25*r + 48. Calculate j(19).
-66
Let v(p) = -p**3 - p**2 + 2*p + 2. Give v(-2).
2
Let z(k) = k**3 - 10*k**2 + 17*k - 8. Give z(8).
0
Let b(a) = a**3 - 22*a**2 - 46*a - 5. Determine b(24).
43
Let h(u) = u**3 - 10*u**2 - 12*u + 9. Give h(11).
-2
Let v(y) = y**3 - 6*y**2 + 3*y + 9. Calculate v(4).
-11
Let a(x) = -3*x**2 + 38*x - 6. Determine a(13).
-19
Let m(n) = 39*n**2 - 2*n + 2. Calculate m(1).
39
Let a(i) = i**3 - 4*i**2 - 10*i - 2. What is a(6)?
10
Let v(t) = t**3 + 9*t**2 + 20*t + 5. Determine v(-8).
-91
Let f(b) = b + 3. Determine f(11).
14
Let a(b) = -b + 2. Give a(0).
2
Let p(z) = 3*z**3 + 2*z**2 - 1. Give p(-1).
-2
Let a(m) = m**2 - 12*m + 5. Give a(-4).
69
Let f(l) = l**3 + 5*l**2 - 3*l - 2. Determine f(-6).
-20
Let r(s) = s**2 - 2*s - 22. Calculate r(-4).
2
Let u(q) = 3*q**3 - 2*q**2 + 3*q - 1. Give u(2).
21
Let p(o) = -o**2 + 9*o - 4. Determine p(6).
14
Let d(y) = -4*y**2 - 53*y - 10. Determine d(-13).
3
Let f(v) = v**2 - 3*v - 6. What is f(5)?
4
Let p(z) = -z**3 + 10*z**2 - 17*z + 12. Give p(8).
4
Let a(g) = -g**3 - 47*g**2 - 107*g - 767. Determine a(-45).
-2
Let u(a) = -2*a + 1. Give u(-6).
13
Let s(q) = q**3 + 2*q**2 - 14*q. What is s(3)?
3
Let r(k) = k - 13. Calculate r(10).
-3
Let m(a) = -a**2 - 11*a - 44. What is m(-6)?
-14
Let s(j) = j**3 - 6*j**2 - j - 18. Give s(6).
-24
Let r(u) = -3*u**2 + 29*u. What is r(10)?
-10
Let k(l) = -2*l**2 + 33*l + 50. Calculate k(19).
-45
Let y(o) = o**2 + 27*o + 167. What is y(-8)?
15
Let y(l) = l - 25. Calculate y(21).
-4
Let h(d) = 5*d**2 + 52*d + 20. Give h(-12).
116
Let r(m) = m**3 + 6*m**2 + 4*m + 1